u - -188. List the prime factors of j.
2, 17
Let v(l) be the second derivative of -l**5/10 - 5*l**4/4 - 23*l**3/6 - 15*l**2/2 - 36*l. What are the prime factors of v(-9)?
3, 5, 29
Let q(x) = 39 + 2*x**2 + 0*x**2 + 270*x - 275*x. List the prime factors of q(6).
3
Suppose 19*t - 6*t = 1261. Let a be (3 + -7)/((-2)/3). Suppose 0 = -7*v - a + t. List the prime factors of v.
13
Let k = -29 + 27. Let s be k/3 - (-28)/6. List the prime factors of (16/(-10))/(s/(-40)).
2
Let x(p) = 4*p**2 - 6*p. Let o be x(8). Let t = -20 - 50. Let h = t + o. What are the prime factors of h?
2, 3, 23
Suppose 3*o - 4*l - 24 = 46, 5*o = 4*l + 130. Let f = o + 40. Suppose -f = -4*d + 34. What are the prime factors of d?
2, 13
Suppose -2*w - 31*a + 36*a = -11442, -5*w + 5*a = -28650. What are the prime factors of w?
2, 3, 239
Let z = -276 + 282. Let u be (2 + (-86)/(-4))*14. Suppose 0 = b - 3, -z*k + 2*k + b = -u. List the prime factors of k.
83
Suppose -24*l + 248747 = -695797. List the prime factors of l.
2, 9839
What are the prime factors of (176*2/(-10))/(10/(-4100))?
2, 11, 41
Suppose l = 2*j + 29090, 11*j + 29054 = l + 15*j. List the prime factors of l.
2, 7, 31, 67
Suppose -50 = r - 19. Let f = 171 + r. What are the prime factors of f?
2, 5, 7
Let n = -10036 + 17228. List the prime factors of n.
2, 29, 31
List the prime factors of (-39)/(-6)*-18*6360/(-180).
2, 3, 13, 53
Let s(r) = r**3 - 5*r**2 - 2*r + 4. Let z be s(5). Let k = -55 - -56. What are the prime factors of (3*z/(-27))/(k/108)?
2, 3
Let c(r) = 221*r**2 + 3*r + 12. List the prime factors of c(4).
2, 5, 89
Let u(v) = 4*v - 6. Let x be u(4). Suppose 3*y = 3*z - 12, -4*z + 3*y + x = -7. Let f(g) = 2*g**2 - 9*g + 19. List the prime factors of f(z).
2, 3
Let x be (-434)/(-4)*((-28)/(-49))/1. Suppose -x = -l + 4*s, l - 364 = -4*l + 2*s. List the prime factors of l.
2, 37
Suppose 3*k - 75112 = 2*s - 1794, 48870 = 2*k + 3*s. What are the prime factors of k?
2, 3, 4073
Let u(j) = -j**3 + 20*j**2 + 45*j - 18. Let i be u(22). Suppose -i*o + 2758 = -1874. List the prime factors of o.
2, 3, 193
Suppose 0 = -z + 11*z + 100. Let i be ((-62)/z + 1)*(1 + 4). Let d = 67 - i. What are the prime factors of d?
31
Let l = -1708 + 1614. Let t(f) = 73*f + 7. Let z be t(5). Let r = z + l. What are the prime factors of r?
2, 139
List the prime factors of (-4 - -1)*(-15)/45*3433.
3433
Suppose -4*y + 1946 = 3*z, -5*z = -4*y + 954 + 944. List the prime factors of y.
2, 241
Let c = 51238 + -34816. List the prime factors of c.
2, 3, 7, 17, 23
Let f be (4/6)/(1/(-3)). Let h(p) = 17*p**2 + 11*p + 4. Let b(j) = -9*j**2 - 5*j - 2. Let s(g) = -5*b(g) - 2*h(g). What are the prime factors of s(f)?
2, 5
Let j(u) = -35*u + 16. Let n(t) = -69*t + 35. Let y(p) = -9*j(p) + 4*n(p). What are the prime factors of y(6)?
2, 5, 23
Suppose 2*v - 6 = -4*x, 3*x - 5*x - 5*v + 23 = 0. Let t(u) = -u**3 - 9*u**2 + 21*u - 19. Let c be t(-11). What are the prime factors of (c - -124)*(2 + 1 + x)?
2, 29
Let j be 5 - 0 - (-36 - 1115). Suppose 0*f = -4*f + j. What are the prime factors of f?
17
Let w(x) = -x**3 - 29*x**2 - 60*x - 45. What are the prime factors of w(-32)?
3, 17, 97
Let q(v) = v + 6. Let j be q(-2). What are the prime factors of 2/(j/5)*10?
5
Let d = -26 - -26. Suppose 3*r + 2*t + 3 - 5 = d, -4*r - 4 = -4*t. Suppose k = -2, r = 3*s + 4*k - 52 - 60. What are the prime factors of s?
2, 5
Let s = 20599 - 10667. List the prime factors of s.
2, 13, 191
Let p = 124 + -117. Let y(l) = -6*l - p*l - 24 - 4*l - 2*l. List the prime factors of y(-14).
2, 11
Let p = -15 + 23. Suppose 6*v = 16 + p. Suppose 2*a - 166 = -v*c, 2*c = 3*a - 2*c - 209. What are the prime factors of a?
3, 5
Suppose 5*u + 0 = 10. Suppose 5*y - y - 108 = -2*f, u*y = 5*f - 246. List the prime factors of ((-168)/(-30))/(4/f).
2, 5, 7
Suppose 10*r = 15*r, 0 = 4*m + r - 688. Let x = m + -53. What are the prime factors of x?
7, 17
Let q be (-17)/(-5) + -9*3/(-45). Suppose 0 = q*g - 8*g + 48. What are the prime factors of g?
2, 3
Let n = 34623 + -20965. List the prime factors of n.
2, 6829
Let c(a) = 5*a**2 - 11*a + 4. Let j be c(2). Suppose 3*d + 134 = j*q, q + 2*d + d - 49 = 0. List the prime factors of q.
61
Let w(i) = i**2 + 8*i + 10. Let r be w(-7). Suppose r*b = -2*p - 0*b + 12, 4*p - b + 4 = 0. List the prime factors of 25 + 12 - (-3 + p).
2, 5
Let z be -402 - (-4 - (-6 + 4)). Suppose 0 = 7*k - 2*k + 1415. Let m = k - z. What are the prime factors of m?
3, 13
Let l = -309 - -345. Suppose -4433 = 25*u - l*u. List the prime factors of u.
13, 31
Let s(m) = 3*m**2 + m + 1. Let y be s(-1). Suppose -750 = y*b - 6*b. Let t = -120 + b. What are the prime factors of t?
2, 5, 13
Let n = 146 - 126. Suppose -l - n = -113. What are the prime factors of l?
3, 31
Let m = -34 - -51. Let k(g) = 2*g - 13*g - 16*g**2 + 302582*g**3 - 302581*g**3 + 13. List the prime factors of k(m).
5, 23
Suppose 0 = 3*t + 12, -4*c - 5*t + 0*t = -256. Suppose -2*v = 5*l + 280, -l + v - c = 4*v. List the prime factors of 1 - (35/(-14))/((-1)/l).
2, 17
List the prime factors of (99/297)/(2 + (-13191)/6597).
733
Let w be 312 + 4 + 2 - -1. Let t = 427 + w. List the prime factors of t.
2, 373
Suppose -2*g - 243 = -245, -4*g = 4*i - 9920. What are the prime factors of i?
37, 67
Suppose -132 = -35*b + 33*b. Suppose -3*n = -b - 531. List the prime factors of n.
199
Let l = -63274 - -100210. List the prime factors of l.
2, 3, 19
Let n(i) = 3*i**3 - 30*i**2 + 26*i - 14. Suppose -3*t + 3*w + 20 + 22 = 0, -5*t + 64 = -3*w. List the prime factors of n(t).
5, 127
Let m be (1 - 9)*(-10)/((-160)/(-968)). List the prime factors of m/11*-2*(-17)/8.
11, 17
Let m(w) = -85*w**3 - 4*w**2 + 188*w + 734. List the prime factors of m(-4).
2, 3, 19, 47
Let s(w) = w - 14. Let r be s(-2). Let t be (-11)/((-88)/r) - 128/1. Let l = 198 + t. What are the prime factors of l?
2, 17
Suppose 10*v + 13 = 73. Suppose v = f - 33. Let k = f + 11. What are the prime factors of k?
2, 5
Suppose 0 = 2*v - 2*m + 86, 180 = -4*v - m - 3*m. Let u = v - -49. Suppose -5*j - u*w + 115 = -0*j, -j + 2*w = -38. List the prime factors of j.
2, 7
Suppose 62*r + 17*r = 372248. List the prime factors of r.
2, 19, 31
Suppose 5*a - 33025 = 5*w, -2*a - 4*w = -w - 13205. What are the prime factors of a?
2, 13, 127
Let h be (11 - 5 - 4)*1. Let r(n) = 33*n**2 + 7*n + 12. Let b be r(-3). Suppose -m - 195 = -3*o + 249, -h*o - 2*m = -b. List the prime factors of o.
3, 7
Suppose 0 = -3*x + 5*x + 198. Let u = -206 - x. Let q = 153 + u. List the prime factors of q.
2, 23
Let h = -1240 - -822. Let a = -176 - h. What are the prime factors of a?
2, 11
Suppose -35669055 + 1436547 = 191*c - 617*c. List the prime factors of c.
2, 3, 59, 227
Let y = 159 - 159. Suppose y = 34*o - 39*o + 680. What are the prime factors of o?
2, 17
Let b = -8 + 7. Let i be ((-3 + (4 - 1))/(-3))/b. Suppose 10*f - 2320 = -i*f. What are the prime factors of f?
2, 29
Let u(b) = -9*b**2 + 13*b - 4. Let k(t) = -10*t**2 + 15*t - 5. Let o(q) = 6*k(q) - 7*u(q). Let h = 7 - 5. List the prime factors of o(h).
2
Suppose -1974*m + 2008*m = 714442. List the prime factors of m.
21013
Let r(w) = -44*w - 62 - 64*w + 6. What are the prime factors of r(-4)?
2, 47
Suppose -9*u - 11*u + 6*u = -121828. What are the prime factors of u?
2, 19, 229
Let w(y) = y**2 + 9*y - 42. Let f be w(-20). Let g = 71 - 37. Suppose 2*k - f = g. List the prime factors of k.
2, 53
Let m be 2/(-3)*18/4 - 2. Let o be m/20 - 19/4. List the prime factors of (-507)/o - -1*(-2)/5.
101
Suppose -40 = 76*u - 81*u. Suppose 4*k + 4 = 2*f - u, 0 = -2*k - 2. Suppose 190 = f*s - 10. List the prime factors of s.
2, 5
Let w be (-2)/8 + 0 + (-1575)/(-300). List the prime factors of -1 + (w - 4) + 4 + 445.
449
Let m = -10497 - -41734. What are the prime factors of m?
31237
Let o be (-5)/5*-1*0. Suppose -3*y + 10*c - 5*c - 27 = o, -c + 23 = -5*y. What are the prime factors of y + (-10)/(((-1)/(-16))/(-1))?
2, 3, 13
Suppose -7*k + 14*k - 7 = 0. Suppose k = -3*l - 5, -3*c - 5*l = -2339. List the prime factors of c.
3, 29
Suppose 14*c = 10*c + 2*w + 143630, -4*c = 5*w - 143623. What are the prime factors of c?
3, 11969
Let c(w) = 7 + w**2 + 11 - 9*w**3 - 22 - 3*w. What are the prime factors of c(-1)?
3
Let k = -77 - -79. Suppose 0 = k*y - 6*y + 16. Suppose -5*b = 2*g - 230, -y